)/2632). Let k = v - 127. Is k a composite number?
False
Suppose -6*t - 823 = -5*s - 4*t, -2*s = -t - 330. Suppose 162*y - s*y = -19. Is y composite?
False
Suppose 15461575 = 280*j - 27814790 + 781045. Is j a prime number?
True
Suppose 3*x = -2*s + 9, 32*x = 31*x - 4*s + 3. Suppose 5*c = -3*h + 58551, 13*h - x*c - 39034 = 11*h. Is h a composite number?
True
Is (31827/4 - -14)*4 composite?
False
Let h(b) = 15951*b**2 + 98*b - 492. Is h(5) prime?
False
Let z = -67 + 73. Let w(i) = -i**2 - 3*i - 7. Let o(t) = -3*t**2 - 13*t - 29. Let p(b) = 2*o(b) - 9*w(b). Is p(z) a composite number?
True
Suppose 111*q = 108*q + 323967. Is q composite?
True
Suppose 0 = -4*p - 3*j + 559132 - 31322, -p - j + 131953 = 0. Is p a composite number?
True
Let a(w) be the first derivative of 10/3*w**3 + 1/4*w**4 - 11*w + 9/2*w**2 - 15. Is a(-5) prime?
False
Is (6300/360)/(5/71594) a prime number?
False
Is 6241865/6 + (12 - (-162)/(-12))/(-9) prime?
True
Let t(v) = v**2 - 14*v + 5. Let p be t(14). Suppose p*b + 4 - 14 = 0. Suppose b*o - 377 = 5*y, 5 = 5*y - 0*y. Is o a composite number?
False
Suppose 18041 = s - 94290. Is s prime?
True
Let s be (-2 - 0/4)*(-634)/4. Suppose 0 = -3*r - 0*r + 5*d + 299, -3*r - 4*d + s = 0. Is r a composite number?
False
Suppose 4*m + 4*s = -1680 - 6868, -3*s = 12. Suppose 2*h + h = -4*u + 12, 5*u - 34 = h. Is ((-8)/u)/(18/m) prime?
False
Suppose x - 161457 = 2*d, 4*d = -x + 12482 + 148963. Is x a composite number?
False
Suppose 408*d = 303*d + 81299505. Is d a prime number?
False
Suppose 5*j + 2*q + 37 = -43, -q = -j - 23. Is (-2930)/j - 28/(-126) a prime number?
True
Let q = -7282 - -3248. Let u = 10015 + q. Is u composite?
False
Let m(u) = 535*u + 8. Let b(c) = c**2 + 11*c - 32. Let r be b(-13). Let z be m(r). Let a = z - -7145. Is a a composite number?
False
Suppose 0 = 6*s - 26 + 32. Is (-72921)/(-15) - s/((-15)/6) a prime number?
True
Let a(z) = -569 + 8*z + 19*z + 293. Is a(35) prime?
False
Is 1 - -16503 - (7 - 4) a prime number?
False
Suppose 5*j - 2*i = -158034 + 2230285, -2*i = 3*j - 1243357. Is j a composite number?
False
Let v(a) be the second derivative of -a**3/2 - 10*a**2 + 20*a. Let i be v(-10). Is 1186/3 - i/30 a prime number?
False
Let w be 1/(36/(-42) + 1). Let u(t) = 241*t + 22. Is u(w) a composite number?
False
Let j = -89 - -96. Suppose -6*m + 12233 = j*m. Is m prime?
True
Suppose -3*c - 4*x = -97791, -4*c - 4*x = -3*x - 130375. Let j = c + -19376. Is j a composite number?
False
Let n be (2 + 0 + (-1197)/18)*2. Let a = 820 + n. Is a prime?
True
Let t(s) = s**2 + 8*s + 5. Let d be t(-4). Let w(b) = -b**3 - 2*b**2 - 10*b - 10. Let j be w(d). Suppose -3*u - 4*l = -5*u + 790, -2*l = -3*u + j. Is u prime?
True
Let t be 999/72 + -12 - (-1)/8. Suppose 4*j - 18*c = -17*c + 44412, 4*j - 44412 = -t*c. Is j composite?
True
Let h(j) be the third derivative of 109*j**6/60 + j**5/20 - 5*j**4/24 + 4*j**3/3 + 2*j**2 - 1. Is h(2) composite?
True
Let r(u) = -30*u - 35. Let v = -62 - -49. Let z be r(v). Suppose -5*y = -5*m + z, -4*y = 3*m - 0*y - 213. Is m a composite number?
False
Suppose -2*q + 2 = 0, -4*b + 50*q + 298128 = 46*q. Is b a prime number?
False
Let x(w) = 2329*w**3 + 5*w**2 + 45*w - 151. Is x(6) a composite number?
True
Suppose -6946 = -6*c + 4*c. Suppose c = -4*z + 881. Let s = 1751 + z. Is s prime?
True
Suppose 9*m + 6 = 12*m. Let w be -50*(8/(-10))/m. Is w/5 - -143 - -2 a prime number?
True
Let h(b) = 683*b + 5646. Is h(7) a prime number?
True
Let j be (-6 + 6)*(-1)/(-3). Suppose -t + 49 + 317 = j. Let k = t - 207. Is k a prime number?
False
Let u be (-6)/(-2)*(-4 + 2 + 61). Let v = 1096 - u. Is v composite?
False
Let j(a) be the first derivative of 317*a**4/4 - 10*a**3/3 + 5*a**2/2 - 3*a - 159. Is j(2) prime?
True
Let j(z) = z**2 + 67. Let t = 12 - 8. Let m be 1/4*t + -1. Is j(m) prime?
True
Suppose 24690531 - 172099492 = -193*i. Is i prime?
False
Let g = -6008 + 2417. Is (0 + (-332)/(-6))/((-126)/g) a composite number?
True
Let i(q) = 18*q**3 + 7*q**2 - 23*q + 8. Let f(m) = -10*m**3 - 4*m**2 + 11*m - 4. Let d(x) = -7*f(x) - 3*i(x). Is d(7) prime?
True
Suppose -i = 11*s - 6*s - 150060, 5*s + 4*i - 150075 = 0. Is s prime?
True
Suppose 4*f - 357 - 119323 = -4*l, -5*f + 149604 = l. Is f a composite number?
False
Suppose -9161 = -s - 0*a - 4*a, -3*a = 5*s - 45822. Suppose 919 + s = 4*h. Is h a composite number?
False
Let l(m) = 2126*m**2 + 163*m - 1073. Is l(7) a composite number?
True
Suppose 3*z = -3*i - 2*z + 8, -2*i + 22 = -5*z. Suppose 0 = -4*w + w - 2*o + i, 0 = 3*w - 5*o + 15. Suppose w = 2*h - 461 + 103. Is h a composite number?
False
Suppose 66*f + 128572604 = 147*f + 275*f. Is f prime?
True
Let u be (20/(-30))/(-2*1/(-36)). Let f = u + 15. Suppose 0 = g + 5*d - 60, f*g - d - 80 = 4*d. Is g a prime number?
False
Suppose -9*l + 32*l - 69 = 0. Suppose l*w = -2*f + 52618, 5*f = -0*w - 2*w + 131545. Is f prime?
True
Let l be 1 - (1664/(-160))/((-2)/(-5)). Let d(x) = x**3 - 15*x**2 - 27*x + 50. Is d(l) a composite number?
False
Let s = -214 + 196. Let g(h) = 11*h**2 + 17*h + 35. Is g(s) composite?
True
Let v be (-12)/(-2) + -11 + 9. Let b = -3 + v. Is 9985/20 - b/4 a prime number?
True
Let c = -335 - -337. Let h be 8*(45/12)/5. Is c/(h/(-15))*28/(-4) a prime number?
False
Let y(o) = 864*o - 245. Is y(96) composite?
False
Let y(l) = -l**3 + 8*l**2 - 5*l - 1. Suppose -2*s + 5*a = -5*s - 26, s - 2*a - 6 = 0. Let d be (3/(-2) - s)*(-11 + -3). Is y(d) a prime number?
True
Let l be (0 + -1)/((-5)/15). Let s = 5 - 3. Suppose 5*p = -4*i + 4473, 0*p - 2237 = -s*i - l*p. Is i a prime number?
True
Let w(x) = -x**2 + 5*x + 86. Let i be w(-7). Suppose 0 = -3*p + p. Suppose p = 5*o - i*t - 6885, 5*o - t - 2*t - 6880 = 0. Is o a composite number?
True
Is 20 + (-143)/13 + 679228 a composite number?
True
Suppose 2*l + 4*g - 2 = 3*l, 0 = -2*l - 2*g + 6. Suppose -5*h - 3*u - 287 = -2133, l*h - 5*u = 726. Let n = h - 211. Is n a prime number?
True
Suppose 0 = 3*s - 5*s + 3*z - 2280, 0 = -3*s + z - 3427. Is 1*(s + 4)*(-2)/2 composite?
True
Suppose 10*j = 3 + 27. Suppose -194 = j*l - 1631. Is l composite?
False
Let o(k) = -82*k - 1. Suppose 2*t + 4*s - s - 13 = 0, 17 = 3*t + 4*s. Let v be ((12/(-8))/t)/(3/(-10)). Is o(v) prime?
True
Let w be ((-12)/18)/2 + 286/3. Suppose 4*c + w = 9*c. Suppose v - 180 + c = 0. Is v a composite number?
True
Suppose -10*u - 39 = -99. Suppose -d + 4*f + u = -0*d, -5*d + f = -106. Is 23815/d - 1/2 prime?
False
Let n be -1 + ((-14)/(-4))/(3/6). Suppose -60 - 48 = n*b. Is (1172/12)/((-2)/b) a prime number?
False
Let v(b) = 56 + 26*b + 22*b - 30 - 17*b. Let h(f) = 16*f + 13. Let s(m) = -5*h(m) + 3*v(m). Is s(6) composite?
True
Suppose -m = 4*u - 1766, 3*m - 8773 = -2*m - u. Is m a composite number?
True
Is 66316 - (-1 - (-10 + 12)) a prime number?
False
Suppose -36*o = -37*o + 23882. Suppose -11*z + 6137 + o = 0. Is z composite?
False
Let u(a) = 2*a**3 - 94*a**2 - 27*a - 12. Let g(z) = -z**3 + 4*z**2 + z + 1. Let s(l) = -g(l) + u(l). Is s(34) prime?
True
Let h(q) = -q**3 - 3*q**2 + 6*q + 10. Let c be h(-4). Suppose -15188 = -c*u + 4106. Is u a composite number?
True
Let t = -1307 + 2003. Let n = t - -2245. Is n prime?
False
Let h(q) = -76 - 240*q + 160*q + 207*q - 62. Is h(8) a prime number?
False
Let z = 86284 - -115569. Is z a prime number?
False
Suppose -2*s + 4*t = -256, 2*s + 3*t = 255 + 29. Suppose -141*h = -s*h - 29905. Is h a prime number?
True
Let n(p) = -322*p + 37. Let v be n(-6). Let b = 844 + v. Is b a composite number?
True
Let s(i) = -55*i**3 + 24*i**2 + 4*i - 26. Is s(-13) composite?
True
Suppose 36371787 = 177*q - 144001656. Is q a composite number?
False
Let s(j) = 206*j**2 - 12*j + 11. Let a be s(7). Let z = a - 5864. Suppose 3*r = 4*q - z, 3*q = 5*r + 4134 - 1008. Is q prime?
False
Let m = -853 + 2803. Is m + (-1 - 2/(1 - 2)) prime?
True
Let j = -85 - -87. Let f be (-727 + 1 + j)*-8. Suppose -2615 - f = -7*l. Is l a prime number?
True
Let u = 322 + -326. Let r(g) = 7 - 86*g - 32*g - 96*g. Is r(u) composite?
False
Let q(d) = 9*d + 9 + 4*d**3 - 3*d**3 - 5*d**3 - d**2 + 2*d**3. Let p(g) = g**3 + 2*g**2 - 8*g - 8. Let z(y) = 5*p(y) + 4*q(y). Is z(-5) a prime number?
True
Suppose -4*z + 9572750 = -147*y + 152*y, 9572736 = 4*z - 2*y. Is z composite?
True
Let a(g) = -g**3 - 10*g**2 - 10*g - 73. Let 